{"id":62,"date":"2024-01-23T12:57:14","date_gmt":"2024-01-23T11:57:14","guid":{"rendered":"http:\/\/europeaninterculturaldialogue.ameyfe.es\/?page_id=62"},"modified":"2024-01-24T10:45:05","modified_gmt":"2024-01-24T09:45:05","slug":"descargo-de-responsabilidad","status":"publish","type":"page","link":"https:\/\/europeaninterculturaldialogue.ameyfe.es\/?page_id=62","title":{"rendered":"Descargo de responsabilidad"},"content":{"rendered":"\n<p class=\"has-text-align-center\">El apoyo de la Comisi\u00f3n Europea a la producci\u00f3n de este sitio web no constituye una aprobaci\u00f3n de los contenidos, que reflejan \u00fanicamente las opiniones de los autores, y la Comisi\u00f3n no se hace responsable del uso que pueda hacerse de la informaci\u00f3n contenida en \u00e9l.<\/p>\n","protected":false},"excerpt":{"rendered":"<p>El apoyo de la Comisi\u00f3n Europea a la producci\u00f3n de este sitio web no constituye una aprobaci\u00f3n de los contenidos, que reflejan \u00fanicamente las opiniones de los autores, y la Comisi\u00f3n no se hace responsable del uso que pueda hacerse de la informaci\u00f3n contenida en \u00e9l.<\/p>\n","protected":false},"author":1,"featured_media":0,"parent":0,"menu_order":0,"comment_status":"closed","ping_status":"closed","template":"","meta":{"footnotes":""},"class_list":["post-62","page","type-page","status-publish","hentry"],"_links":{"self":[{"href":"https:\/\/europeaninterculturaldialogue.ameyfe.es\/index.php?rest_route=\/wp\/v2\/pages\/62","targetHints":{"allow":["GET"]}}],"collection":[{"href":"https:\/\/europeaninterculturaldialogue.ameyfe.es\/index.php?rest_route=\/wp\/v2\/pages"}],"about":[{"href":"https:\/\/europeaninterculturaldialogue.ameyfe.es\/index.php?rest_route=\/wp\/v2\/types\/page"}],"author":[{"embeddable":true,"href":"https:\/\/europeaninterculturaldialogue.ameyfe.es\/index.php?rest_route=\/wp\/v2\/users\/1"}],"replies":[{"embeddable":true,"href":"https:\/\/europeaninterculturaldialogue.ameyfe.es\/index.php?rest_route=%2Fwp%2Fv2%2Fcomments&post=62"}],"version-history":[{"count":2,"href":"https:\/\/europeaninterculturaldialogue.ameyfe.es\/index.php?rest_route=\/wp\/v2\/pages\/62\/revisions"}],"predecessor-version":[{"id":195,"href":"https:\/\/europeaninterculturaldialogue.ameyfe.es\/index.php?rest_route=\/wp\/v2\/pages\/62\/revisions\/195"}],"wp:attachment":[{"href":"https:\/\/europeaninterculturaldialogue.ameyfe.es\/index.php?rest_route=%2Fwp%2Fv2%2Fmedia&parent=62"}],"curies":[{"name":"wp","href":"https:\/\/api.w.org\/{rel}","templated":true}]}}